{"id":2539,"date":"2019-07-01T13:55:23","date_gmt":"2019-07-01T11:55:23","guid":{"rendered":"https:\/\/wp.gihmm.webofficeserver.info\/?page_id=2539"},"modified":"2021-08-25T17:17:08","modified_gmt":"2021-08-25T15:17:08","slug":"kalibrierlabor","status":"publish","type":"page","link":"https:\/\/wp.gihmm.webofficeserver.info\/kalibrierlabor\/","title":{"rendered":"Kalibrierlabor"},"content":{"rendered":"<p>[vc_row][vc_column]<link href=\"\/\/Open+Sans:600\" rel=\"stylesheet\" property=\"stylesheet\" type=\"text\/css\" media=\"all\">\n<div id=\"rev_slider_17_1_wrapper\" class=\"rev_slider_wrapper fullwidthbanner-container\" data-source=\"gallery\" style=\"margin:0px auto;background:transparent;padding:0px;margin-top:0px;margin-bottom:0px;\">\n<!-- START REVOLUTION SLIDER 5.4.1 fullwidth mode -->\n\t<div id=\"rev_slider_17_1\" class=\"rev_slider fullwidthabanner\" style=\"display:none;\" data-version=\"5.4.1\">\n<ul>\t<!-- SLIDE  -->\n\t<li data-index=\"rs-32\" data-transition=\"fade,slideleft\" data-slotamount=\"default,default\" data-hideafterloop=\"0\" data-hideslideonmobile=\"off\"  data-easein=\"default,default\" data-easeout=\"default,default\" data-masterspeed=\"default,default\"  data-rotate=\"0,0\"  data-saveperformance=\"off\"  data-title=\"Slide\" data-param1=\"\" data-param2=\"\" data-param3=\"\" data-param4=\"\" data-param5=\"\" data-param6=\"\" data-param7=\"\" data-param8=\"\" data-param9=\"\" data-param10=\"\" data-description=\"\">\n\t\t<!-- MAIN IMAGE -->\n\t\t<img src=\"https:\/\/wp.gihmm.webofficeserver.info\/wp-content\/uploads\/2019\/08\/Gihmm_Kalibrierlabor_Header.jpg\"  alt=\"\" title=\"Gihmm_Kalibrierlabor_Header\"  width=\"2000\" height=\"509\" data-bgposition=\"center center\" data-bgfit=\"cover\" data-bgrepeat=\"no-repeat\" class=\"rev-slidebg\" data-no-retina>\n\t\t<!-- LAYERS -->\n\n\t\t<!-- LAYER NR. 1 -->\n\t\t<div class=\"tp-caption   tp-resizeme  text-center\" \n\t\t\t id=\"slide-32-layer-2\" \n\t\t\t data-x=\"center\" data-hoffset=\"\" \n\t\t\t data-y=\"center\" data-voffset=\"30\" \n\t\t\t\t\t\tdata-width=\"['954']\"\n\t\t\tdata-height=\"['auto']\"\n \n\t\t\tdata-type=\"text\" \n\t\t\tdata-responsive_offset=\"on\" \n\n\t\t\tdata-frames='[{\"delay\":10,\"speed\":300,\"frame\":\"0\",\"from\":\"opacity:0;\",\"to\":\"o:1;\",\"ease\":\"Power3.easeInOut\"},{\"delay\":\"wait\",\"speed\":300,\"frame\":\"999\",\"to\":\"opacity:0;\",\"ease\":\"Power3.easeInOut\"}]'\n\t\t\tdata-textAlign=\"['inherit','inherit','inherit','inherit']\"\n\t\t\tdata-paddingtop=\"[0,0,0,0]\"\n\t\t\tdata-paddingright=\"[0,0,0,0]\"\n\t\t\tdata-paddingbottom=\"[0,0,0,0]\"\n\t\t\tdata-paddingleft=\"[0,0,0,0]\"\n\n\t\t\tstyle=\"z-index: 5; min-width: 954px; max-width: 954px; white-space: normal; font-size: 30px; line-height: 48px; font-weight: 600; color: #000000; letter-spacing: 0px;font-family:Open Sans;\"><center><i><\/i><\/center> <\/div>\n\t<\/li>\n<\/ul>\n<div class=\"tp-bannertimer tp-bottom\" style=\"visibility: hidden !important;\"><\/div>\t<\/div>\n<script>var htmlDiv = document.getElementById(\"rs-plugin-settings-inline-css\"); var htmlDivCss=\"\";\r\n\t\t\t\tif(htmlDiv) {\r\n\t\t\t\t\thtmlDiv.innerHTML = htmlDiv.innerHTML + htmlDivCss;\r\n\t\t\t\t}else{\r\n\t\t\t\t\tvar htmlDiv = document.createElement(\"div\");\r\n\t\t\t\t\thtmlDiv.innerHTML = \"<style>\" + htmlDivCss + \"<\/style>\";\r\n\t\t\t\t\tdocument.getElementsByTagName(\"head\")[0].appendChild(htmlDiv.childNodes[0]);\r\n\t\t\t\t}\r\n\t\t\t<\/script>\n\t\t<script type=\"text\/javascript\">\r\n\t\t\t\t\t\t\/******************************************\r\n\t\t\t\t-\tPREPARE PLACEHOLDER FOR SLIDER\t-\r\n\t\t\t******************************************\/\r\n\r\n\t\t\tvar setREVStartSize=function(){\r\n\t\t\t\ttry{var e=new Object,i=jQuery(window).width(),t=9999,r=0,n=0,l=0,f=0,s=0,h=0;\r\n\t\t\t\t\te.c = jQuery('#rev_slider_17_1');\r\n\t\t\t\t\te.gridwidth = [1240];\r\n\t\t\t\t\te.gridheight = [400];\r\n\t\t\t\t\t\t\t\r\n\t\t\t\t\te.sliderLayout = \"fullwidth\";\r\n\t\t\t\t\tif(e.responsiveLevels&&(jQuery.each(e.responsiveLevels,function(e,f){f>i&&(t=r=f,l=e),i>f&&f>r&&(r=f,n=e)}),t>r&&(l=n)),f=e.gridheight[l]||e.gridheight[0]||e.gridheight,s=e.gridwidth[l]||e.gridwidth[0]||e.gridwidth,h=i\/s,h=h>1?1:h,f=Math.round(h*f),\"fullscreen\"==e.sliderLayout){var u=(e.c.width(),jQuery(window).height());if(void 0!=e.fullScreenOffsetContainer){var c=e.fullScreenOffsetContainer.split(\",\");if (c) jQuery.each(c,function(e,i){u=jQuery(i).length>0?u-jQuery(i).outerHeight(!0):u}),e.fullScreenOffset.split(\"%\").length>1&&void 0!=e.fullScreenOffset&&e.fullScreenOffset.length>0?u-=jQuery(window).height()*parseInt(e.fullScreenOffset,0)\/100:void 0!=e.fullScreenOffset&&e.fullScreenOffset.length>0&&(u-=parseInt(e.fullScreenOffset,0))}f=u}else void 0!=e.minHeight&&f<e.minHeight&&(f=e.minHeight);e.c.closest(\".rev_slider_wrapper\").css({height:f})\r\n\t\t\t\t\t\r\n\t\t\t\t}catch(d){console.log(\"Failure at Presize of Slider:\"+d)}\r\n\t\t\t};\r\n\t\t\t\r\n\t\t\tsetREVStartSize();\r\n\t\t\t\r\n\t\t\t\t\t\tvar tpj=jQuery;\r\n\t\t\t\r\n\t\t\tvar revapi17;\r\n\t\t\ttpj(document).ready(function() {\n\t\t\t\tif(tpj(\"#rev_slider_17_1\").revolution == undefined){\n\t\t\t\t\trevslider_showDoubleJqueryError(\"#rev_slider_17_1\");\n\t\t\t\t}else{\n\t\t\t\t\trevapi17 = tpj(\"#rev_slider_17_1\").show().revolution({\n\t\t\t\t\t\tsliderType:\"standard\",\njsFileLocation:\"\/\/wp.gihmm.webofficeserver.info\/wp-content\/plugins\/revslider\/public\/assets\/js\/\",\n\t\t\t\t\t\tsliderLayout:\"fullwidth\",\n\t\t\t\t\t\tdottedOverlay:\"none\",\n\t\t\t\t\t\tdelay:9000,\n\t\t\t\t\t\tnavigation: {\n\t\t\t\t\t\t\tkeyboardNavigation:\"on\",\n\t\t\t\t\t\t\tkeyboard_direction: \"horizontal\",\n\t\t\t\t\t\t\tmouseScrollNavigation:\"off\",\n \t\t\t\t\t\t\tmouseScrollReverse:\"default\",\n\t\t\t\t\t\t\tonHoverStop:\"off\",\n\t\t\t\t\t\t\ttouch:{\n\t\t\t\t\t\t\t\ttouchenabled:\"on\",\n\t\t\t\t\t\t\t\ttouchOnDesktop:\"on\",\n\t\t\t\t\t\t\t\tswipe_threshold: 75,\n\t\t\t\t\t\t\t\tswipe_min_touches: 1,\n\t\t\t\t\t\t\t\tswipe_direction: \"horizontal\",\n\t\t\t\t\t\t\t\tdrag_block_vertical: false\n\t\t\t\t\t\t\t}\n\t\t\t\t\t\t},\n\t\t\t\t\t\tvisibilityLevels:[1240,1024,778,480],\n\t\t\t\t\t\tgridwidth:1240,\n\t\t\t\t\t\tgridheight:400,\n\t\t\t\t\t\tlazyType:\"none\",\n\t\t\t\t\t\tshadow:0,\n\t\t\t\t\t\tspinner:\"spinner0\",\n\t\t\t\t\t\tstopLoop:\"off\",\n\t\t\t\t\t\tstopAfterLoops:-1,\n\t\t\t\t\t\tstopAtSlide:-1,\n\t\t\t\t\t\tshuffle:\"off\",\n\t\t\t\t\t\tautoHeight:\"off\",\n\t\t\t\t\t\tdisableProgressBar:\"on\",\n\t\t\t\t\t\thideThumbsOnMobile:\"off\",\n\t\t\t\t\t\thideSliderAtLimit:0,\n\t\t\t\t\t\thideCaptionAtLimit:0,\n\t\t\t\t\t\thideAllCaptionAtLilmit:0,\n\t\t\t\t\t\tdebugMode:false,\n\t\t\t\t\t\tfallbacks: {\n\t\t\t\t\t\t\tsimplifyAll:\"off\",\n\t\t\t\t\t\t\tnextSlideOnWindowFocus:\"off\",\n\t\t\t\t\t\t\tdisableFocusListener:false,\n\t\t\t\t\t\t}\n\t\t\t\t\t});\n\t\t\t\t}\n\t\t\t});\t\/*ready*\/\n\t\t<\/script>\r\n\t\t<\/div><!-- END REVOLUTION SLIDER -->[\/vc_column][\/vc_row][vc_row el_id=&#8220;portfoliodetail&#8220; css=&#8220;.vc_custom_1557145570376{margin-bottom: 50px !important;padding-top: 50px !important;padding-bottom: 50px !important;background-color: #f4f4f4 !important;}&#8220; el_class=&#8220;portfoliodetail&#8220;][vc_column width=&#8220;2\/3&#8243; offset=&#8220;vc_col-lg-offset-2 vc_col-md-offset-2 vc_col-sm-offset-2 vc_col-xs-offset-1 vc_col-xs-10&#8243; css=&#8220;.vc_custom_1557145258226{margin-bottom: 0px !important;}&#8220;][vc_column_text]<\/p>\n<h1 style=\"text-align: center;\">Kalibrierlabor f\u00fcr Ger\u00e4te zur Messung von Radioaktivit\u00e4t<\/h1>\n<p style=\"text-align: center;\">Wir pr\u00fcfen und kalibrieren Ihre Radioaktivit\u00e4tsmessger\u00e4te. Unser Kalibrierlabor ist ein zertifiziertes Pr\u00fcflabor und kann daher jegliche Ger\u00e4te zur Messung von Radioaktivit\u00e4t \u00fcberpr\u00fcfen. Das k\u00f6nnen Ger\u00e4te der Marke Gihmm oder Bitt sein, aber auch Fremdger\u00e4te. Mit einer regelm\u00e4\u00dfigen Kalibrierung sichern Sie die langfristige Messgenauigkeit Ihrer Ger\u00e4te und entsprechen Zertifizierungsvorschriften und Normen.<\/p>\n<p>[\/vc_column_text][\/vc_column][\/vc_row][vc_row css=&#8220;.vc_custom_1557146621946{margin-bottom: 50px !important;}&#8220; el_class=&#8220;portfoliodetailtext&#8220;][vc_column width=&#8220;2\/3&#8243; offset=&#8220;vc_col-lg-offset-2 vc_col-md-offset-2 vc_col-sm-offset-2 vc_col-xs-offset-1 vc_col-xs-10&#8243; css=&#8220;.vc_custom_1557145258226{margin-bottom: 0px !important;}&#8220;][vc_column_text][\/vc_column_text][vc_video link=&#8220;https:\/\/youtu.be\/E_AChgXCi0w&#8220;][\/vc_column][\/vc_row][vc_row css=&#8220;.vc_custom_1557146621946{margin-bottom: 50px !important;}&#8220; el_class=&#8220;portfoliodetailtext&#8220;][vc_column width=&#8220;2\/3&#8243; offset=&#8220;vc_col-lg-offset-2 vc_col-md-offset-2 vc_col-sm-offset-2 vc_col-xs-offset-1 vc_col-xs-10&#8243; css=&#8220;.vc_custom_1557145258226{margin-bottom: 0px !important;}&#8220;][vc_column_text]<\/p>\n<h2 style=\"text-align: left;\">Warum Kalibrierung<\/h2>\n<p>Bei der Umgebungs\u00fcberwachung, in Spit\u00e4ler, bei Einsatzorganisationen, in der Industrie sowie in Wissenschaft und Forschung oder in privaten Gebrauch; \u00fcberall sind Messger\u00e4te zum Messen der Dosisleistung in Verwendung. Nat\u00fcrlich m\u00f6chte man dabei sicher sein, dass die eingesetzten Messger\u00e4te auch richtig funktionieren.<\/p>\n<p>Hierf\u00fcr ist unser Kalibrierlabor bestens geeignet. Es \u00fcberpr\u00fcft, ob beim jeweiligen Messger\u00e4t der angegebene Toleranzbereit eingehalten wird und wie genau das Ger\u00e4t misst. Anschlie\u00dfend wird es wieder richtig kalibriert.<\/p>\n<p>Wir stellen ihnen akkreditierte Kalibrierscheine (beh\u00f6rdlich anerkanntes Zertifikation) f\u00fcr die Messgr\u00f6\u00dfe Umgebungs\u00e4quivalentdosisleistung aus.<\/p>\n<h2><strong><br \/>\n<\/strong>Das bietet unser Kalibrierlabor im Detail<\/h2>\n<ul>\n<li>Cs-137 Bestrahlungsanlage<\/li>\n<li>Messbereich \u00fcber viele Gr\u00f6\u00dfenordnungen<\/li>\n<li>jahrzehntelange Erfahrung<\/li>\n<li>beh\u00f6rdlich und international anerkannte Kalibrierscheine \u2013 seit 2008 nach ISO17025 f\u00fcr die Messgr\u00f6\u00dfe Umgebungs\u00e4quivalentdosisleistung akkreditiert<\/li>\n<li>professionelle Betreuung<\/li>\n<\/ul>\n<h3><strong><br \/>\n<\/strong>Kalibrierverfahren<\/h3>\n<p>Die Kalibrierung erfolgt in einem Cs-137 Strahlenkanal. Durch Variation der Distanz zwischen dem Kalibriergegenstand und der Quelle k\u00f6nnen unterschiedliche Dosisleistungen in einem Messbereich von 300 nSv\/h bis 10 Sv\/h erreicht werden. Bei Kalibrierpunkten kleiner 5 \u00b5Sv\/h wird der nat\u00fcrliche Hintergrund speziell ber\u00fccksichtigt.<\/p>\n<h3><strong><br \/>\n<\/strong>Referenzen<\/h3>\n<p>Seit vielen Jahren vertraut das \u00d6sterreichische Strahlenfr\u00fchwarnsystem unserem Knowhow, \u00fcber 300 Gammasonden werden von uns regelm\u00e4\u00dfig \u00fcberpr\u00fcft und kalibriert.[\/vc_column_text][\/vc_column][\/vc_row][vc_row css=&#8220;.vc_custom_1557146630177{margin-bottom: 50px !important;}&#8220; el_class=&#8220;portfoliodetailtabs&#8220;][vc_column width=&#8220;2\/3&#8243; offset=&#8220;vc_col-lg-offset-2 vc_col-md-offset-2 vc_col-sm-offset-2 vc_col-xs-offset-1 vc_col-xs-10&#8243; css=&#8220;.vc_custom_1557145258226{margin-bottom: 0px !important;}&#8220;][vc_column_text][\/vc_column_text][vc_tta_tabs shape=&#8220;square&#8220; active_section=&#8220;1&#8243;][vc_tta_section title=&#8220;Downloads&#8220; tab_id=&#8220;1557145640634-132db83a-e2e8627c-9da0&#8243;][vc_column_text]<a href=\"https:\/\/wp.gihmm.webofficeserver.info\/wp-content\/uploads\/\/2021\/08\/Akkreditierung-ldentiflkationsnummer-0449.jpg\" target=\"_blank\" rel=\"noopener noreferrer\">Akkreditierung Gihmm Pr\u00fcflabor<\/a><\/p>\n<p><a href=\"https:\/\/wp.gihmm.webofficeserver.info\/wp-content\/uploads\/\/2020\/06\/Akkreditierung_Kalibrierlabor_2017.jpg\" target=\"_blank\" rel=\"noopener noreferrer\">Akkreditierung Gihmm Kalibrierlabor<\/a><\/p>\n<p><a href=\"https:\/\/wp.gihmm.webofficeserver.info\/wp-content\/uploads\/2019\/08\/GIHMM_Flyer_Labor_V4_ger.pdf\" target=\"_blank\" rel=\"noopener noreferrer\">Infoblatt Gihmm Kalibrierlabor<\/a>[\/vc_column_text][\/vc_tta_section][\/vc_tta_tabs][\/vc_column][\/vc_row][vc_row css=&#8220;.vc_custom_1557146630177{margin-bottom: 50px !important;}&#8220; el_class=&#8220;portfoliodetailtabs&#8220;][vc_column width=&#8220;2\/3&#8243; offset=&#8220;vc_col-lg-offset-2 vc_col-md-offset-2 vc_col-sm-offset-2 vc_col-xs-offset-1 vc_col-xs-10&#8243; css=&#8220;.vc_custom_1557145258226{margin-bottom: 0px !important;}&#8220;][vc_column_text]<\/p>\n<p style=\"text-align: center;\"><a class=\"redbtn2\" href=\"&#109;&#x61;&#x69;l&#116;&#x6f;&#x3a;i&#110;&#x66;o&#64;&#x67;&#x69;h&#109;&#x6d;&#46;&#99;&#x6f;&#x6d;\">Messger\u00e4te kalibrieren lassen \u2013 Anfrage<\/a><\/p>\n<p>[\/vc_column_text][\/vc_column][\/vc_row][vc_row el_class=&#8220;call-to-action&#8220; css=&#8220;.vc_custom_1556480183137{background-color: #d0011b !important;}&#8220;][vc_column width=&#8220;5\/6&#8243; offset=&#8220;vc_col-md-offset-2 vc_col-md-8 vc_col-sm-offset-1 vc_col-xs-offset-1 vc_col-xs-10&#8243;][vc_cta h2=&#8220;KONTAKTIEREN SIE UNS!&#8220; h4=&#8220;WIR FREUEN UNS AUF IHRE ANFRAGE &#8220; shape=&#8220;square&#8220; style=&#8220;custom&#8220; add_button=&#8220;right&#8220; btn_title=&#8220;KONTAKT&#8220; btn_style=&#8220;classic&#8220; btn_color=&#8220;white&#8220; btn_size=&#8220;lg&#8220; btn_i_align=&#8220;right&#8220; btn_i_icon_fontawesome=&#8220;fa fa-arrow-circle-right&#8220; btn_add_icon=&#8220;true&#8220; custom_background=&#8220;#d0011b&#8220; btn_link=&#8220;url:https%3A%2F%2Fwp.gihmm.webofficeserver.info%2Fsupport%2F|||&#8220; custom_text=&#8220;#ffffff&#8220;][\/vc_cta][\/vc_column][\/vc_row]<\/p>\n","protected":false},"excerpt":{"rendered":"<p>[vc_row][vc_column][\/vc_column][\/vc_row][vc_row el_id=&#8220;portfoliodetail&#8220; css=&#8220;.vc_custom_1557145570376{margin-bottom: 50px !important;padding-top: 50px !important;padding-bottom: 50px !important;background-color: #f4f4f4 !important;}&#8220; el_class=&#8220;portfoliodetail&#8220;][vc_column width=&#8220;2\/3&#8243; offset=&#8220;vc_col-lg-offset-2 vc_col-md-offset-2 vc_col-sm-offset-2 vc_col-xs-offset-1 vc_col-xs-10&#8243; css=&#8220;.vc_custom_1557145258226{margin-bottom: 0px !important;}&#8220;][vc_column_text] Kalibrierlabor f\u00fcr Ger\u00e4te zur Messung<span class=\"excerpt-hellip\"> [\u2026]<\/span><\/p>\n","protected":false},"author":6,"featured_media":0,"parent":0,"menu_order":0,"comment_status":"closed","ping_status":"closed","template":"","meta":[],"yoast_head":"<!-- This site is optimized with the Yoast SEO plugin v19.10 - https:\/\/yoast.com\/wordpress\/plugins\/seo\/ -->\n<title>Zertifiziertes Kalibrierlabor f\u00fcr Radioaktivit\u00e4tsmessger\u00e4te<\/title>\n<meta name=\"description\" content=\"Wir pr\u00fcfen und kalibrieren jegliche Ger\u00e4te zur Messung von Radioaktivit\u00e4t. Eigen- und Fremdger\u00e4te. Messen der Dosisleistung. Zertifiziertes Kalibrierlabor.\" \/>\n<meta name=\"robots\" content=\"index, follow, max-snippet:-1, max-image-preview:large, max-video-preview:-1\" \/>\n<link rel=\"canonical\" href=\"https:\/\/wp.gihmm.webofficeserver.info\/kalibrierlabor\/\" \/>\n<meta property=\"og:locale\" content=\"de_DE\" \/>\n<meta property=\"og:type\" content=\"article\" \/>\n<meta property=\"og:title\" content=\"Zertifiziertes Kalibrierlabor f\u00fcr Radioaktivit\u00e4tsmessger\u00e4te\" \/>\n<meta property=\"og:description\" content=\"Wir pr\u00fcfen und kalibrieren jegliche Ger\u00e4te zur Messung von Radioaktivit\u00e4t. Eigen- und Fremdger\u00e4te. Messen der Dosisleistung. Zertifiziertes Kalibrierlabor.\" \/>\n<meta property=\"og:url\" content=\"https:\/\/wp.gihmm.webofficeserver.info\/kalibrierlabor\/\" \/>\n<meta property=\"og:site_name\" content=\"Gihmm\" \/>\n<meta property=\"article:modified_time\" content=\"2021-08-25T15:17:08+00:00\" \/>\n<meta name=\"twitter:card\" content=\"summary_large_image\" \/>\n<meta name=\"twitter:label1\" content=\"Gesch\u00e4tzte Lesezeit\" \/>\n\t<meta name=\"twitter:data1\" content=\"3\u00a0Minuten\" \/>\n<script type=\"application\/ld+json\" class=\"yoast-schema-graph\">{\"@context\":\"https:\/\/schema.org\",\"@graph\":[{\"@type\":\"WebPage\",\"@id\":\"https:\/\/wp.gihmm.webofficeserver.info\/kalibrierlabor\/\",\"url\":\"https:\/\/wp.gihmm.webofficeserver.info\/kalibrierlabor\/\",\"name\":\"Zertifiziertes Kalibrierlabor f\u00fcr Radioaktivit\u00e4tsmessger\u00e4te\",\"isPartOf\":{\"@id\":\"https:\/\/wp.gihmm.webofficeserver.info\/#website\"},\"datePublished\":\"2019-07-01T11:55:23+00:00\",\"dateModified\":\"2021-08-25T15:17:08+00:00\",\"description\":\"Wir pr\u00fcfen und kalibrieren jegliche Ger\u00e4te zur Messung von Radioaktivit\u00e4t. Eigen- und Fremdger\u00e4te. Messen der Dosisleistung. Zertifiziertes Kalibrierlabor.\",\"breadcrumb\":{\"@id\":\"https:\/\/wp.gihmm.webofficeserver.info\/kalibrierlabor\/#breadcrumb\"},\"inLanguage\":\"de\",\"potentialAction\":[{\"@type\":\"ReadAction\",\"target\":[\"https:\/\/wp.gihmm.webofficeserver.info\/kalibrierlabor\/\"]}]},{\"@type\":\"BreadcrumbList\",\"@id\":\"https:\/\/wp.gihmm.webofficeserver.info\/kalibrierlabor\/#breadcrumb\",\"itemListElement\":[{\"@type\":\"ListItem\",\"position\":1,\"name\":\"Home\",\"item\":\"https:\/\/wp.gihmm.webofficeserver.info\/\"},{\"@type\":\"ListItem\",\"position\":2,\"name\":\"Kalibrierlabor\"}]},{\"@type\":\"WebSite\",\"@id\":\"https:\/\/wp.gihmm.webofficeserver.info\/#website\",\"url\":\"https:\/\/wp.gihmm.webofficeserver.info\/\",\"name\":\"Gihmm\",\"description\":\"Face the invisibility\",\"potentialAction\":[{\"@type\":\"SearchAction\",\"target\":{\"@type\":\"EntryPoint\",\"urlTemplate\":\"https:\/\/wp.gihmm.webofficeserver.info\/?s={search_term_string}\"},\"query-input\":\"required name=search_term_string\"}],\"inLanguage\":\"de\"}]}<\/script>\n<!-- \/ Yoast SEO plugin. -->","yoast_head_json":{"title":"Zertifiziertes Kalibrierlabor f\u00fcr Radioaktivit\u00e4tsmessger\u00e4te","description":"Wir pr\u00fcfen und kalibrieren jegliche Ger\u00e4te zur Messung von Radioaktivit\u00e4t. Eigen- und Fremdger\u00e4te. Messen der Dosisleistung. Zertifiziertes Kalibrierlabor.","robots":{"index":"index","follow":"follow","max-snippet":"max-snippet:-1","max-image-preview":"max-image-preview:large","max-video-preview":"max-video-preview:-1"},"canonical":"https:\/\/wp.gihmm.webofficeserver.info\/kalibrierlabor\/","og_locale":"de_DE","og_type":"article","og_title":"Zertifiziertes Kalibrierlabor f\u00fcr Radioaktivit\u00e4tsmessger\u00e4te","og_description":"Wir pr\u00fcfen und kalibrieren jegliche Ger\u00e4te zur Messung von Radioaktivit\u00e4t. Eigen- und Fremdger\u00e4te. Messen der Dosisleistung. Zertifiziertes Kalibrierlabor.","og_url":"https:\/\/wp.gihmm.webofficeserver.info\/kalibrierlabor\/","og_site_name":"Gihmm","article_modified_time":"2021-08-25T15:17:08+00:00","twitter_card":"summary_large_image","twitter_misc":{"Gesch\u00e4tzte Lesezeit":"3\u00a0Minuten"},"schema":{"@context":"https:\/\/schema.org","@graph":[{"@type":"WebPage","@id":"https:\/\/wp.gihmm.webofficeserver.info\/kalibrierlabor\/","url":"https:\/\/wp.gihmm.webofficeserver.info\/kalibrierlabor\/","name":"Zertifiziertes Kalibrierlabor f\u00fcr Radioaktivit\u00e4tsmessger\u00e4te","isPartOf":{"@id":"https:\/\/wp.gihmm.webofficeserver.info\/#website"},"datePublished":"2019-07-01T11:55:23+00:00","dateModified":"2021-08-25T15:17:08+00:00","description":"Wir pr\u00fcfen und kalibrieren jegliche Ger\u00e4te zur Messung von Radioaktivit\u00e4t. Eigen- und Fremdger\u00e4te. Messen der Dosisleistung. Zertifiziertes Kalibrierlabor.","breadcrumb":{"@id":"https:\/\/wp.gihmm.webofficeserver.info\/kalibrierlabor\/#breadcrumb"},"inLanguage":"de","potentialAction":[{"@type":"ReadAction","target":["https:\/\/wp.gihmm.webofficeserver.info\/kalibrierlabor\/"]}]},{"@type":"BreadcrumbList","@id":"https:\/\/wp.gihmm.webofficeserver.info\/kalibrierlabor\/#breadcrumb","itemListElement":[{"@type":"ListItem","position":1,"name":"Home","item":"https:\/\/wp.gihmm.webofficeserver.info\/"},{"@type":"ListItem","position":2,"name":"Kalibrierlabor"}]},{"@type":"WebSite","@id":"https:\/\/wp.gihmm.webofficeserver.info\/#website","url":"https:\/\/wp.gihmm.webofficeserver.info\/","name":"Gihmm","description":"Face the invisibility","potentialAction":[{"@type":"SearchAction","target":{"@type":"EntryPoint","urlTemplate":"https:\/\/wp.gihmm.webofficeserver.info\/?s={search_term_string}"},"query-input":"required name=search_term_string"}],"inLanguage":"de"}]}},"_links":{"self":[{"href":"https:\/\/wp.gihmm.webofficeserver.info\/wordpress\/wp-json\/wp\/v2\/pages\/2539"}],"collection":[{"href":"https:\/\/wp.gihmm.webofficeserver.info\/wordpress\/wp-json\/wp\/v2\/pages"}],"about":[{"href":"https:\/\/wp.gihmm.webofficeserver.info\/wordpress\/wp-json\/wp\/v2\/types\/page"}],"author":[{"embeddable":true,"href":"https:\/\/wp.gihmm.webofficeserver.info\/wordpress\/wp-json\/wp\/v2\/users\/6"}],"replies":[{"embeddable":true,"href":"https:\/\/wp.gihmm.webofficeserver.info\/wordpress\/wp-json\/wp\/v2\/comments?post=2539"}],"version-history":[{"count":23,"href":"https:\/\/wp.gihmm.webofficeserver.info\/wordpress\/wp-json\/wp\/v2\/pages\/2539\/revisions"}],"predecessor-version":[{"id":3348,"href":"https:\/\/wp.gihmm.webofficeserver.info\/wordpress\/wp-json\/wp\/v2\/pages\/2539\/revisions\/3348"}],"wp:attachment":[{"href":"https:\/\/wp.gihmm.webofficeserver.info\/wordpress\/wp-json\/wp\/v2\/media?parent=2539"}],"curies":[{"name":"wp","href":"https:\/\/api.w.org\/{rel}","templated":true}]}}